, 11
Let f = 108 - 87. Let g(i) = i**2 - 8*i + 35. List the prime factors of g(f).
2, 7, 11
Suppose -5*v - 170 = 3*w, w + 136 = -3*v + 30. Let z = v + 61. List the prime factors of z.
2, 3
Let n be 10/(-35) - 531/(-21). Suppose -6*t + 5*u + n = -t, 3*t + 3 = -3*u. Suppose 2*w - 3*w + 3*s + 45 = 0, -98 = -t*w + 2*s. List the prime factors of w.
3, 17
Suppose 2*t = 5*o - 2*t + 100, 3*t = 0. Let p = -18 - o. Suppose -p + 26 = 4*z. List the prime factors of z.
2, 3
Let m(y) be the third derivative of -y**6/120 + y**5/60 + y**4/12 + 5*y**3 - 5*y**2. List the prime factors of m(0).
2, 3, 5
Let y = -25 + 153. List the prime factors of y.
2
Suppose 0 = 11*f - 2440 - 497. List the prime factors of f.
3, 89
Let k be (1/(-2))/(1/(-10)). Let y = 1003 - 871. Suppose -y = x - k*x. What are the prime factors of x?
3, 11
Let k(m) = 7*m - 1. Let d be k(1). Let w = d + -16. List the prime factors of ((-94)/w - 3)*5.
2
Let i = 11 + 1. Suppose -j = -5*j + i. Let z(n) = -n**3 + 4*n**2 + n - 1. List the prime factors of z(j).
11
Suppose 4*f - 9940 = n, -5*n + 4697 = 3*f - 2758. What are the prime factors of f?
5, 7, 71
Suppose -13*l = -11*l. Suppose 2*n = 49 - 9. Let y = n - l. List the prime factors of y.
2, 5
Suppose -34*i = 2*i - 28008. What are the prime factors of i?
2, 389
Suppose 0 = -9*z + z + 1232. List the prime factors of z.
2, 7, 11
Suppose -2*z - 2*i + 170 + 78 = 0, 5*z + 4*i - 625 = 0. What are the prime factors of z?
3, 43
Suppose -9*w + 6*w = 9. What are the prime factors of 8/6*(-648)/(-7 - w)?
2, 3
Suppose 0*m - 2*m - 4*u + 28 = 0, 3*m - 87 = 3*u. List the prime factors of (78/8)/(3/m).
2, 3, 13
Let c = -353 - -543. Let p = c + -100. What are the prime factors of p?
2, 3, 5
Let c(v) = -v**3 - 8*v**2 - 11*v - 8. Let q be c(-7). Let g = 54 - q. Let x = -14 + g. List the prime factors of x.
2, 5
Suppose 4*y - 16 = -3*l - 4, 8 = 2*l - 2*y. Suppose -4*c = -i + 16, -5*c + l*i - 17 - 3 = 0. Let w(m) = -7*m + 1. List the prime factors of w(c).
29
Let x = 45 + 10. Suppose -3*w = -k - 211, -5*w + x + 298 = -3*k. What are the prime factors of (w/(-4))/((-14)/56)?
2, 5, 7
Let y = 8 - 20. Let m be y/(-7) + (-4)/(-14). Suppose 2*f = j - m, -j + 23 = 3*j - 5*f. List the prime factors of j.
2, 3
Suppose -2*v + a + 2 = 0, -2*a + 0 = -v - 2. Suppose -b = 4*b + 2*q - 317, v*b + 2*q = 128. List the prime factors of b.
3, 7
Let t = 12 + -21. What are the prime factors of 2/t + 44/36 + 8?
3
Suppose -4*i + x - 3 = i, 0 = -4*i - 2*x + 6. Let c = 0 - i. Suppose 2*s + c*d - 50 = 4*d, 2*s + d - 40 = 0. List the prime factors of s.
3, 7
Let v = -568 - -973. What are the prime factors of v?
3, 5
Let u be (-83)/3 - 6/(-9). Let j = u + 34. What are the prime factors of (2 - j)*(-152)/20?
2, 19
Suppose 2*y - 7 - 1 = 0, -2503 = -3*l - y. List the prime factors of l.
7, 17
Suppose -5*n - i + 1727 = 0, n - 1053 = -2*n + 5*i. What are the prime factors of n?
2, 173
Let f = -2029 + 3155. Suppose 2*c + 2*q = 1408, 5*q = 5*c - 2404 - f. What are the prime factors of c/12 - (-7)/28?
59
Let p = -198 - -74. Let d = p - -177. What are the prime factors of d?
53
Let u = 154 - -289. Let b = u + -217. List the prime factors of b.
2, 113
Let z(u) = 13*u - 21. List the prime factors of z(16).
11, 17
Let a(b) = b**2 + 4*b - 11. Let c be a(-5). Let k = c - -24. Suppose 3*t = 111 + k. List the prime factors of t.
43
List the prime factors of (-4)/((-20)/295)*33.
3, 11, 59
Suppose 32*k - 8456 - 3640 = 0. List the prime factors of k.
2, 3, 7
Let q = -758 - -1059. What are the prime factors of q?
7, 43
Suppose 5*a + 1102 = 3*z, -a - 3*a - 8 = 0. Suppose 5*q - z = 126. List the prime factors of q.
2, 7
Suppose 577 = h - 219. What are the prime factors of h?
2, 199
Suppose 4*k + 1320 = 4*o, 3*o - 6*o + 958 = 5*k. What are the prime factors of o?
2, 163
Suppose 20 = -5*m, 2*t + 24 = -2*t + 5*m. Let n = t - -7. What are the prime factors of n/(-4) + 31 - -4?
2, 3
Let o(f) = 4 + 12*f - 1 + 1 - 6. Let l be o(-8). What are the prime factors of l/(-4) - 4/(-8)?
5
Let c = -518 - -1443. What are the prime factors of c?
5, 37
Let d = 3979 + -2747. List the prime factors of d/20 - (-9)/(-15).
61
Suppose 3*o + 2*h = 1137, 5*h + 1030 - 272 = 2*o. List the prime factors of o.
379
Suppose 0 = 28*p - 39*p + 1705. List the prime factors of p.
5, 31
Let i = 17 - 27. Let q(m) = -m - 14. Let p be q(i). What are the prime factors of (92/10)/(p/(-10))?
23
Let c be 220/18 + 18/(-81). Suppose -c = -5*t - 2. Suppose -2*p + 24 = 4*o, -t*o - p + 28 = -4*p. What are the prime factors of o?
2
What are the prime factors of 53892/63 + 0 - 6/14?
3, 5, 19
Let i(t) = -7*t - 1. Let k be (10/10)/(-1 + 0). List the prime factors of i(k).
2, 3
Let s(y) = y**3 - 13*y**2 - 12*y - 21. Let l be s(14). Let z(o) = 11*o + 15. List the prime factors of z(l).
2, 23
Suppose -1495*j = -1492*j - 3063. List the prime factors of j.
1021
Let f = 1191 + -615. What are the prime factors of f?
2, 3
Let m = -1 - -2. Let p be m - 0 - (-2)/1. Suppose 2*i + i - 48 = w, -p*i - 3*w = -36. List the prime factors of i.
3, 5
Suppose 4*r + 5*v = 4*v + 18129, 0 = 4*r - 3*v - 18125. What are the prime factors of r?
2, 11, 103
Suppose 0 = -6*m + 1190 - 188. Suppose -5*c - 2*s = -162, -5*s = -3*c + m - 45. Suppose k + 6 = c. List the prime factors of k.
2, 7
Let u = 318 + -240. List the prime factors of u.
2, 3, 13
Suppose 24*u + 2016 = 28*u. List the prime factors of u.
2, 3, 7
Suppose 0 = 3*z + 2*m - 7, 3*m + 4 = 1. Suppose -z*l + 2*a = -121, -3*l + 4*a = -a - 118. List the prime factors of l.
41
Suppose 0 = 4*z - 2*l - 482 - 126, 4*z - 608 = l. Let n = -41 + z. List the prime factors of n.
3, 37
Suppose d = -0 - 1, 0 = -2*h + d - 55. Let k = h - -38. What are the prime factors of k?
2, 5
Let o be ((-12)/(-8))/((-2)/32). Let y(p) = -9*p - 87. Let h be y(-13). List the prime factors of (o/10)/(-4)*h.
2, 3
Suppose 4*z + 0*z = 156. Let g = -34 + z. What are the prime factors of g?
5
Let y be (-7 - -11)*61/(-2). List the prime factors of (-4)/(-6) - (-2 - y/(-6)).
23
Let y(x) = -2*x**2 - 9*x - 4. Let w be y(-3). List the prime factors of w/2*378/45.
3, 7
Let y(n) = 40*n**2 + n - 1. Let o be y(1). Suppose -64*j = -51*j - 338. Let v = o - j. List the prime factors of v.
2, 7
What are the prime factors of (-4)/80*8*1130*-1?
2, 113
Suppose 24*i = 13740 + 420. List the prime factors of i.
2, 5, 59
Suppose 19*c - 1193 = 3956. What are the prime factors of c?
271
Suppose 416 = -12*d + 14*d. What are the prime factors of d?
2, 13
Let c = -44 + 87. What are the prime factors of c?
43
Suppose -4*q = -3*m - 93, -4*q + 57 = -2*m - 3*q. Let l = m + 55. List the prime factors of l.
2, 7
Let j(q) = -8*q + 15*q**2 - q**3 + 21*q**2 - 46*q**2. What are the prime factors of j(-10)?
2, 5
Let q be 8/(-10) - (-2896)/20. Suppose -3*w - q = -2*p - 7*w, p = w + 87. List the prime factors of p.
2, 41
Suppose 0 - 2 = 2*y. Let x(g) = 3*g**2. Let c be x(y). Suppose 28 = o + c*o. List the prime factors of o.
7
Suppose 2*a = 5*x + 498, -388 = -0*x + 4*x + a. Let s(l) = -5*l**3 - 2*l**2 - 5*l - 2. Let f be s(-2). What are the prime factors of (f/(-7))/(28/x)?
2, 5
Let f(s) = s**2 - 10*s + 97. What are the prime factors of f(28)?
601
Let c(x) = x**3 - 11*x**2 + 18*x + 3. Let b be c(9). Suppose -b*u + 183 = -i - 214, 5*u - i = 663. What are the prime factors of u?
7, 19
Suppose 8*k = 1930 - 730. List the prime factors of k.
2, 3, 5
Suppose 0 = -4*k + 4*s + 497 + 935, -5*k + 1792 = -4*s. What are the prime factors of k?
2, 3, 5
Suppose -749 = -5*l + q, 2*l + 2*l - 4*q = 612. What are the prime factors of l?
149
Let u = -342 + 682. Let h = u - 231. List the prime factors of h.
109
Suppose -50 = 4*l - 50. Suppose l = -0*j + 2*j - 210. What are the prime factors of j?
3, 5, 7
Let x(z) = 75*z**2 + z - 4. Let m be x(-2). Suppose 0 = 7*t - 2*t + 10, -5*q + 2*t + m = 0. List the prime factors of q.
2, 29
Let a = 270 + -233. List the prime factors of a.
37
Let o be 1/(-6) - (-74)/12. What are the prime factors of ((-4)/o*-27)/2?
3
Let g(n) = -36 + 4*n**2 + 0*n**2 + 37. What are the prime factors of g(-4)?
5, 13
Let s(i) = -i**2 - 5*i - 4. Let w be s(-5). Let j(n) = -n**2 - n + 1. Let o(p) = 3*p**2 + 5*p + 4. Let v(c) = 2*j(c) + o(c). What are the prime factors of v(w)?
2, 5
List the prime factors of (1859*5/(